{"id":33089,"date":"2025-04-15T13:36:46","date_gmt":"2025-04-15T13:36:46","guid":{"rendered":"https:\/\/forbee.vn\/san-pham\/binh-sua-ou-wish-size-140ml\/"},"modified":"2026-01-10T03:19:49","modified_gmt":"2026-01-10T03:19:49","slug":"binh-sua-ou-wish-size-140ml","status":"publish","type":"product","link":"https:\/\/forbee.vn\/?product=binh-sua-ou-wish-size-140ml","title":{"rendered":"B\u00ecnh s\u1eefa OU Wish &#8211; Size 140ml"},"content":{"rendered":"<p>B\u00ecnh s\u1eefa OU Wish \u2013 M\u1ec1m m\u1ea1i nh\u01b0 ti m\u1eb9, ch\u1ed1ng s\u1eb7c \u2013 ch\u1ed1ng \u0111\u1ea7y h\u01a1i hi\u1ec7u qu\u1ea3<br \/>\n OU Wish l\u00e0 d\u00f2ng b\u00ecnh s\u1eefa cao c\u1ea5p thi\u1ebft k\u1ebf tinh t\u1ebf, t\u1ed1i \u01b0u tr\u1ea3i nghi\u1ec7m b\u00fa s\u1eefa cho b\u00e9 v\u00e0 mang \u0111\u1ebfn s\u1ef1 ti\u1ec7n l\u1ee3i cho m\u1eb9. Kh\u00f4ng ch\u1ec9 m\u00f4 ph\u1ecfng b\u1ea7u ng\u1ef1c m\u1eb9, OU Wish c\u00f2n s\u1edf h\u1eefu c\u1ea5u tr\u00fac \u0111\u1eb7c bi\u1ec7t gi\u00fap b\u00e9 b\u00fa tr\u01a1n tru, kh\u00f4ng lo \u0111\u1ea7y h\u01a1i hay \u0111au b\u1ee5ng.<\/p>\n<p> 1. Thi\u1ebft k\u1ebf &#038; Ch\u1ea5t li\u1ec7u n\u1ed5i b\u1eadt:<br \/>\n N\u00fam ti ng\u0169 gi\u00e1c \u0111\u1ed9c quy\u1ec1n: c\u1ea5u tr\u00fac b\u00ean trong n\u00fam ti d\u1ea1ng ng\u0169 gi\u00e1c gi\u00fap ng\u0103n t\u00ecnh tr\u1ea1ng n\u00fam b\u1ecb s\u1ee5p, \u0111\u1ea3m b\u1ea3o d\u00f2ng s\u1eefa ch\u1ea3y \u0111\u1ec1u, li\u00ean t\u1ee5c v\u00e0 tr\u00e1nh t\u00ecnh tr\u1ea1ng b\u00e9 ph\u1ea3i m\u00fat m\u1ea1nh g\u00e2y m\u1ec7t m\u1ecfi<\/p>\n<p> N\u00fam ti m\u00f4 ph\u1ecfng b\u1ea7u ng\u1ef1c m\u1eb9, ch\u1ea5t li\u1ec7u si\u00eau m\u1ec1m, t\u1ea1o c\u1ea3m gi\u00e1c th\u00e2n thu\u1ed9c nh\u01b0 \u0111ang b\u00fa m\u1eb9 tr\u1ef1c ti\u1ebfp \u2013 ph\u00f9 h\u1ee3p c\u1ea3 v\u1edbi b\u00e9 chuy\u1ec3n t\u1eeb b\u00fa m\u1eb9 sang b\u00fa b\u00ecnh<\/p>\n<p> B\u00ecnh m\u00e0u trong su\u1ed1t, v\u1ea1ch chia r\u00f5 n\u00e9t: gi\u00fap m\u1eb9 d\u1ec5 d\u00e0ng quan s\u00e1t, pha \u0111\u00fang li\u1ec1u l\u01b0\u1ee3ng s\u1eefa, ki\u1ec3m so\u00e1t l\u01b0\u1ee3ng \u0103n h\u00e0ng ng\u00e0y<\/p>\n<p> Thi\u1ebft k\u1ebf g\u1ecdn nh\u1eb9, v\u1eeba tay c\u1ea7m c\u1ee7a b\u00e9, thu\u1eadn ti\u1ec7n khi b\u00e9 t\u1ef1 b\u00fa<\/p>\n<p> 2. C\u00f4ng ngh\u1ec7 ch\u1ed1ng s\u1eb7c \u2013 ch\u1ed1ng \u0111\u1ea7y h\u01a1i:<br \/>\n H\u1ec7 th\u1ed1ng van kh\u00ed th\u00f4ng minh: gi\u00fap kh\u00f4ng kh\u00ed l\u01b0u th\u00f4ng ra ngo\u00e0i, ng\u0103n kh\u00f4ng cho kh\u00ed th\u1eeba \u0111i v\u00e0o d\u1ea1 d\u00e0y b\u00e9 \u2013 gi\u1ea3m thi\u1ec3u t\u00ecnh tr\u1ea1ng tr\u00e0o ng\u01b0\u1ee3c, \u0111\u1ea7y h\u01a1i, n\u00f4n tr\u1edb<\/p>\n<p> L\u1ed7 th\u00f4ng h\u01a1i tho\u00e1t kh\u00ed \u0111\u01b0\u1ee3c thi\u1ebft k\u1ebf t\u1ed1i \u01b0u gi\u00fap gi\u1ea3m \u00e1p l\u1ef1c trong b\u00ecnh, h\u1ed7 tr\u1ee3 b\u00e9 b\u00fa nh\u1eb9 nh\u00e0ng, kh\u00f4ng b\u1ecb s\u1eb7c hay \u1ecdc s\u1eefa<\/p>\n<p> 3. L\u1ee3i \u00edch khi s\u1eed d\u1ee5ng:<br \/>\n \u2705 Gi\u00fap b\u00e9 b\u00fa b\u00ecnh nh\u1eb9 nh\u00e0ng \u2013 kh\u00f4ng s\u1eb7c \u2013 kh\u00f4ng \u0111\u1ea7y h\u01a1i<br \/>\n \u2705 T\u1ea1o c\u1ea3m gi\u00e1c th\u00e2n quen nh\u01b0 b\u00fa m\u1eb9, d\u1ec5 d\u00e0ng k\u1ebft h\u1ee3p song song gi\u1eefa ti m\u1eb9 v\u00e0 ti b\u00ecnh<br \/>\n \u2705 H\u1ea1n ch\u1ebf t\u00ecnh tr\u1ea1ng nu\u1ed1t ph\u1ea3i kh\u00ed g\u00e2y \u0111au b\u1ee5ng, kh\u00f3 ch\u1ecbu<br \/>\n \u2705 D\u1ec5 c\u1ea7m n\u1eafm, v\u1ec7 sinh v\u00e0 theo d\u00f5i l\u01b0\u1ee3ng s\u1eefa h\u00e0ng ng\u00e0y<\/p>\n<p> 4. Quy c\u00e1ch s\u1ea3n ph\u1ea9m:<br \/>\n Dung t\u00edch: 140ml<\/p>\n<p> M\u00e0u s\u1eafc: Trong su\u1ed1t, v\u1ea1ch chia \u0111en<\/p>\n<p> Bao g\u1ed3m: 1 b\u00ecnh s\u1eefa + 1 n\u00fam ti<\/p>\n<p> 5. Xu\u1ea5t x\u1ee9:<br \/>\n H\u00e0n Qu\u1ed1c<\/p>\n","protected":false},"excerpt":{"rendered":"<p>OU Wish l\u00e0 d\u00f2ng b\u00ecnh s\u1eefa cao c\u1ea5p thi\u1ebft k\u1ebf tinh t\u1ebf, t\u1ed1i \u01b0u tr\u1ea3i nghi\u1ec7m b\u00fa s\u1eefa cho b\u00e9 v\u00e0 mang \u0111\u1ebfn s\u1ef1 ti\u1ec7n l\u1ee3i cho m\u1eb9. Kh\u00f4ng ch\u1ec9 m\u00f4 ph\u1ecfng b\u1ea7u ng\u1ef1c m\u1eb9, OU Wish c\u00f2n s\u1edf h\u1eefu c\u1ea5u tr\u00fac \u0111\u1eb7c bi\u1ec7t gi\u00fap b\u00e9 b\u00fa tr\u01a1n tru, kh\u00f4ng lo \u0111\u1ea7y h\u01a1i hay \u0111au b\u1ee5ng.<\/p>\n","protected":false},"featured_media":33088,"comment_status":"open","ping_status":"closed","template":"","meta":[],"product_brand":[],"product_cat":[67],"product_tag":[],"class_list":{"0":"post-33089","1":"product","2":"type-product","3":"status-publish","4":"has-post-thumbnail","6":"product_cat-binh-sua","8":"first","9":"instock","10":"shipping-taxable","11":"purchasable","12":"product-type-simple"},"_links":{"self":[{"href":"https:\/\/forbee.vn\/index.php?rest_route=\/wp\/v2\/product\/33089","targetHints":{"allow":["GET"]}}],"collection":[{"href":"https:\/\/forbee.vn\/index.php?rest_route=\/wp\/v2\/product"}],"about":[{"href":"https:\/\/forbee.vn\/index.php?rest_route=\/wp\/v2\/types\/product"}],"replies":[{"embeddable":true,"href":"https:\/\/forbee.vn\/index.php?rest_route=%2Fwp%2Fv2%2Fcomments&post=33089"}],"wp:featuredmedia":[{"embeddable":true,"href":"https:\/\/forbee.vn\/index.php?rest_route=\/wp\/v2\/media\/33088"}],"wp:attachment":[{"href":"https:\/\/forbee.vn\/index.php?rest_route=%2Fwp%2Fv2%2Fmedia&parent=33089"}],"wp:term":[{"taxonomy":"product_brand","embeddable":true,"href":"https:\/\/forbee.vn\/index.php?rest_route=%2Fwp%2Fv2%2Fproduct_brand&post=33089"},{"taxonomy":"product_cat","embeddable":true,"href":"https:\/\/forbee.vn\/index.php?rest_route=%2Fwp%2Fv2%2Fproduct_cat&post=33089"},{"taxonomy":"product_tag","embeddable":true,"href":"https:\/\/forbee.vn\/index.php?rest_route=%2Fwp%2Fv2%2Fproduct_tag&post=33089"}],"curies":[{"name":"wp","href":"https:\/\/api.w.org\/{rel}","templated":true}]}}