{"id":33099,"date":"2025-04-15T13:37:07","date_gmt":"2025-04-15T13:37:07","guid":{"rendered":"https:\/\/forbee.vn\/san-pham\/keo-vitamin-pinkfong\/"},"modified":"2026-01-10T03:19:13","modified_gmt":"2026-01-10T03:19:13","slug":"keo-vitamin-pinkfong","status":"publish","type":"product","link":"https:\/\/forbee.vn\/?product=keo-vitamin-pinkfong","title":{"rendered":"K\u1eb9o vitamin pinkfong"},"content":{"rendered":"<p>K\u1eb8O VITAMIN PINKFONG \u2013 V\u1eeaA NGON V\u1eeaA B\u1ed4, M\u1eb8 CH\u1eccN L\u00c0 B\u00c9 TH\u00cdCH!<br \/>\n \ud83e\udd88 H\u01b0\u01a1ng v\u1ecb h\u1ea5p d\u1eabn \u2013 Dinh d\u01b0\u1ee1ng tr\u1ecdn v\u1eb9n<br \/>\n K\u1eb9o Vitamin Pinkfong \u0111\u01b0\u1ee3c thi\u1ebft k\u1ebf d\u00e0nh ri\u00eang cho tr\u1ebb t\u1eeb 15 th\u00e1ng tu\u1ed5i tr\u1edf l\u00ean, v\u1edbi v\u1ecb ng\u1ecdt d\u1ecbu nh\u1eb9, th\u01a1m ngon, d\u1ec5 nhai, kh\u00f4ng g\u00e2y ng\u1ea5y \u2013 khi\u1ebfn b\u00e9 v\u1eeba \u0103n ngon v\u1eeba b\u1ed5 sung vitamin d\u1ec5 d\u00e0ng m\u1ed7i ng\u00e0y.<\/p>\n<p> \ud83d\udcaa B\u1ed5 sung vitamin &#038; kho\u00e1ng ch\u1ea5t thi\u1ebft y\u1ebfu cho b\u00e9<br \/>\n Gi\u00e0u Vitamin A, C, D, c\u00f9ng c\u00e1c kho\u00e1ng ch\u1ea5t quan tr\u1ecdng \u2013 gi\u00fap t\u0103ng c\u01b0\u1eddng \u0111\u1ec1 kh\u00e1ng, ph\u00e1t tri\u1ec3n th\u1ecb gi\u00e1c, ch\u1eafc x\u01b0\u01a1ng v\u00e0 h\u1ed7 tr\u1ee3 ph\u00e1t tri\u1ec3n to\u00e0n di\u1ec7n.<\/p>\n<p> H\u1ed7 tr\u1ee3 b\u00e9 \u0103n ngon mi\u1ec7ng, kh\u1ecfe m\u1ea1nh, ph\u00f2ng tr\u00e1nh c\u00e1c b\u1ec7nh v\u1eb7t trong giai \u0111o\u1ea1n ph\u00e1t tri\u1ec3n.<\/p>\n<p> \ud83c\udf1f Th\u01b0\u01a1ng hi\u1ec7u Pinkfong uy t\u00edn \u2013 B\u00e9 m\u00ea, m\u1eb9 y\u00ean t\u00e2m<br \/>\n Pinkfong kh\u00f4ng ch\u1ec9 n\u1ed5i ti\u1ebfng v\u1edbi b\u00e0i h\u00e1t \u201cBaby Shark\u201d m\u00e0 c\u00f2n l\u00e0 th\u01b0\u01a1ng hi\u1ec7u gi\u00e1o d\u1ee5c &#038; ch\u0103m s\u00f3c tr\u1ebb em h\u00e0ng \u0111\u1ea7u t\u1ea1i H\u00e0n Qu\u1ed1c.<\/p>\n<p> S\u1ea3n ph\u1ea9m \u0111\u1ea1t ti\u00eau chu\u1ea9n an to\u00e0n nghi\u00eam ng\u1eb7t, m\u1eb9 ho\u00e0n to\u00e0n y\u00ean t\u00e2m cho b\u00e9 s\u1eed d\u1ee5ng h\u00e0ng ng\u00e0y.<\/p>\n<p> \ud83c\udf08 Thi\u1ebft k\u1ebf h\u1ea5p d\u1eabn \u2013 B\u00e9 vui h\u1ecdc \u0103n u\u1ed1ng<br \/>\n K\u1eb9o c\u00f3 h\u00ecnh d\u00e1ng &#038; m\u00e0u s\u1eafc sinh \u0111\u1ed9ng, b\u1eaft m\u1eaft, gi\u00fap b\u00e9 h\u00e0o h\u1ee9ng, ch\u1ee7 \u0111\u1ed9ng trong vi\u1ec7c \u0103n u\u1ed1ng.<\/p>\n<p> S\u1ea3n ph\u1ea9m v\u1eeba l\u00e0 \u201cm\u00f3n \u0103n v\u1eb7t l\u00e0nh m\u1ea1nh\u201d v\u1eeba l\u00e0 c\u00e1ch d\u1ea1y b\u00e9 l\u00e0m quen v\u1edbi kh\u00e1i ni\u1ec7m vitamin &#038; dinh d\u01b0\u1ee1ng m\u1ed9t c\u00e1ch t\u1ef1 nhi\u00ean.<\/p>\n<p> \ud83d\udccc H\u01b0\u1edbng d\u1eabn s\u1eed d\u1ee5ng:<br \/>\n Cho b\u00e9 d\u00f9ng 1\u20132 vi\u00ean m\u1ed7i ng\u00e0y, d\u00f9ng tr\u1ef1c ti\u1ebfp nh\u01b0 m\u1ed9t lo\u1ea1i k\u1eb9o vitamin.<\/p>\n<p> C\u00f3 th\u1ec3 d\u00f9ng sau b\u1eefa \u0103n ho\u1eb7c l\u00fac b\u00e9 vui ch\u01a1i, \u0111i h\u1ecdc.<\/p>\n<p> \ud83d\udce6 Th\u00f4ng tin s\u1ea3n ph\u1ea9m:<br \/>\n Xu\u1ea5t x\u1ee9: H\u00e0n Qu\u1ed1c<\/p>\n<p> \u0110\u1ed9 tu\u1ed5i s\u1eed d\u1ee5ng: T\u1eeb 15 th\u00e1ng tu\u1ed5i tr\u1edf l\u00ean<\/p>\n<p> H\u01b0\u01a1ng v\u1ecb: Ng\u1ecdt nh\u1eb9 \u2013 ph\u00f9 h\u1ee3p kh\u1ea9u v\u1ecb tr\u1ebb nh\u1ecf<\/p>\n<p> Quy c\u00e1ch \u0111\u00f3ng g\u00f3i: D\u1ea1ng \u1ed1ng<\/p>\n","protected":false},"excerpt":{"rendered":"<p>K\u1eb9o Vitamin Pinkfong \u0111\u01b0\u1ee3c thi\u1ebft k\u1ebf d\u00e0nh ri\u00eang cho tr\u1ebb t\u1eeb 15 th\u00e1ng tu\u1ed5i tr\u1edf l\u00ean, v\u1edbi v\u1ecb ng\u1ecdt d\u1ecbu nh\u1eb9, th\u01a1m ngon, d\u1ec5 nhai, kh\u00f4ng g\u00e2y ng\u1ea5y \u2013 khi\u1ebfn b\u00e9 v\u1eeba \u0103n ngon v\u1eeba b\u1ed5 sung vitamin d\u1ec5 d\u00e0ng m\u1ed7i ng\u00e0y.<\/p>\n","protected":false},"featured_media":33098,"comment_status":"open","ping_status":"closed","template":"","meta":[],"product_brand":[],"product_cat":[64],"product_tag":[],"class_list":{"0":"post-33099","1":"product","2":"type-product","3":"status-publish","4":"has-post-thumbnail","6":"product_cat-thuc-pham-chuc-nang","8":"first","9":"instock","10":"shipping-taxable","11":"purchasable","12":"product-type-simple"},"_links":{"self":[{"href":"https:\/\/forbee.vn\/index.php?rest_route=\/wp\/v2\/product\/33099","targetHints":{"allow":["GET"]}}],"collection":[{"href":"https:\/\/forbee.vn\/index.php?rest_route=\/wp\/v2\/product"}],"about":[{"href":"https:\/\/forbee.vn\/index.php?rest_route=\/wp\/v2\/types\/product"}],"replies":[{"embeddable":true,"href":"https:\/\/forbee.vn\/index.php?rest_route=%2Fwp%2Fv2%2Fcomments&post=33099"}],"wp:featuredmedia":[{"embeddable":true,"href":"https:\/\/forbee.vn\/index.php?rest_route=\/wp\/v2\/media\/33098"}],"wp:attachment":[{"href":"https:\/\/forbee.vn\/index.php?rest_route=%2Fwp%2Fv2%2Fmedia&parent=33099"}],"wp:term":[{"taxonomy":"product_brand","embeddable":true,"href":"https:\/\/forbee.vn\/index.php?rest_route=%2Fwp%2Fv2%2Fproduct_brand&post=33099"},{"taxonomy":"product_cat","embeddable":true,"href":"https:\/\/forbee.vn\/index.php?rest_route=%2Fwp%2Fv2%2Fproduct_cat&post=33099"},{"taxonomy":"product_tag","embeddable":true,"href":"https:\/\/forbee.vn\/index.php?rest_route=%2Fwp%2Fv2%2Fproduct_tag&post=33099"}],"curies":[{"name":"wp","href":"https:\/\/api.w.org\/{rel}","templated":true}]}}